 = 49*c + 5*b. What is the greatest common divisor of 16562 and c?
26
Let p be 1 + 0 - (-10450)/19. Suppose 14*o + 5*o = p. What is the highest common factor of 319 and o?
29
Suppose -796*f + 771*f = -100800. Calculate the highest common factor of f and 18.
18
Let z be 226/2 - 6/3. Suppose 10*w = z + 209. Calculate the greatest common divisor of w and 288.
32
Let y(l) = 3*l**2 + 10*l + 4. Let x be y(-7). Let o(f) = 24*f + 273. Let q be o(-7). Suppose 9*u - q = 381. Calculate the highest common factor of x and u.
27
Let y(a) = a**3 + 28*a**2 - 47*a - 21. Let f be y(-29). Let h = f + -303. Calculate the highest common factor of h and 18.
18
Let y(k) = k**2 + 13*k - 25. Let q be y(2). Suppose q*j + 26 = 186. Calculate the greatest common factor of j and 864.
32
Suppose -5*a + 11*a - 942 = 0. Suppose -137 = -6*u + a. What is the highest common divisor of 35 and u?
7
Suppose -111*l = -99*l - 2220. What is the greatest common factor of l and 1591?
37
Let v = 228 - 225. Suppose 18*z = 4*n + 17*z - 1478, -2*n + 746 = v*z. Calculate the greatest common factor of n and 10.
10
Suppose -8*b - 116 = -9*b. Let g = -105 + b. Let o(c) = -c + 12. Let t be o(11). What is the greatest common factor of g and t?
1
Suppose 129*k - 111*k + 47 = 281. Calculate the highest common divisor of k and 23179.
13
Suppose 0 = -18*s + 11*s. Suppose 5*x + 2*g - 5 = 0, s = 3*x + 5*g - 7 + 23. What is the highest common factor of x and 75?
3
Let a = -2775 + 2982. What is the highest common factor of a and 45?
9
Let y(k) = -k**3 - 69*k**2 - 326*k - 84. Let o be y(-64). What is the greatest common factor of 768 and o?
12
Let w = -12076 + 12076. Suppose -2 = 5*x - 12. Suppose -x*c + 3*d + 147 = w, 8*c - 365 = 3*c + 5*d. Calculate the highest common factor of 24 and c.
24
Suppose -g = -65 + 44. Calculate the highest common factor of g and 518.
7
Suppose -7*z + 620 - 179 = 0. Calculate the greatest common factor of z and 77.
7
Let d(j) = j**2 + 2*j - 11. Let g = 57 - 62. Let q be d(g). Suppose 5*w = 71 + 109. What is the highest common divisor of w and q?
4
Let p = 2794 + -2604. Calculate the highest common divisor of 2185 and p.
95
Suppose 4*m - 3*h = 285, -153 = -2*m + 2515*h - 2510*h. Suppose -920 = -3*l - 2*l. Calculate the greatest common factor of l and m.
23
Suppose 5*t - 2 = j - 0*j, 5*t - 11 = -2*j. Suppose 67 = -j*h + 184. What is the highest common factor of h and 9?
3
Suppose -2*a + 216 = 2*v, 9*v - 10*v = -5*a + 570. Suppose -4*k = -a - 295. What is the highest common divisor of k and 119?
17
Let o = 56 - 59. Let y be (-16)/6*(4 + o)*-18. Let l be y - (0 + 2 + (-14)/7). What is the highest common divisor of 3 and l?
3
Let h(i) = i**2 - 60*i + 764. Let m be h(42). Let p be (-30)/(-5)*(-20)/(-6). What is the highest common factor of p and m?
4
Let o(s) = -246*s - 3082. Let q be o(-19). What is the highest common divisor of 32 and q?
8
Let l(q) = 73*q + 77. Let c be l(0). What is the greatest common factor of c and 583?
11
Let d(t) = -38*t - 2. Let x be d(-4). Suppose 2*p - 35 = -23. What is the greatest common factor of x and p?
6
Let f be 4 + (-7 - 0 - (-19 + 18)). Let i be 0 - f/(-3)*18/(-6). Calculate the highest common factor of i and 128.
2
Let q be (((-24)/(-54))/(4/12))/((-4)/(-12)). Let j be 16 - 0*2/(-6). What is the greatest common factor of q and j?
4
Let p = -2564 - -2749. What is the greatest common factor of p and 1332?
37
Let i = 377 - 329. Suppose -61*j + 169 = -i*j. Calculate the greatest common divisor of j and 26.
13
Let v be 9 - 2*(3 - 15/6). Calculate the greatest common divisor of 1388 and v.
4
Suppose 421*y - 900*y + 540 = -452*y. What is the highest common divisor of y and 596?
4
Let m(p) = -31*p**2 + 1691*p - 225. Let x be m(54). Calculate the highest common factor of x and 121.
11
Suppose 0 = 103*f - 181*f + 16536. Let q = 6 + 47. Calculate the greatest common factor of f and q.
53
Let q(x) = -51*x - 25. Let v be (1/3)/(13/(-117)). Let h be q(v). Calculate the greatest common factor of 64 and h.
64
Suppose 0 = -5*i + 5*t + 70, 4*t + 2 = -2*i + 12. Let b(h) = 11*h - 5. Let s be b(-9). Let z = s + 192. What is the highest common divisor of i and z?
11
Suppose -702*k = -683*k - 20900. Calculate the highest common divisor of 176 and k.
44
Suppose 198*k + 80*k - 505 = 84007. What is the highest common divisor of 528 and k?
16
Let s(p) = 7*p**3 - 4*p**2 - 75*p - 34. Let n be s(13). What is the highest common divisor of n and 328?
82
Suppose 0 = 2*h - 0 - 108. Suppose 0 = 3*b + 45 + h. Let g = -17 - b. Calculate the greatest common divisor of g and 112.
16
Suppose 0 = -47*o + 41*o + 2574. Suppose 4*v = -57 + o. What is the greatest common divisor of 62 and v?
31
Let n(d) = -d + 65. Let y be 18/6 - (3 - 0). Suppose s = -y*s - 3*s. Let b be n(s). Calculate the greatest common factor of 26 and b.
13
Suppose -5*s = -15 + 5. Suppose 34 = 4*m + s. Let n(r) = r**3 + 5*r**2 - 4*r + 4. Let o be n(-5). Calculate the greatest common factor of o and m.
8
Let w be -26 + 1/((-7)/(-7)). Let j be (-810)/w + (-16)/(-10) + -1. Calculate the highest common factor of 176 and j.
11
Let n(o) = -3*o**3 - 13*o**2 + 23*o - 13. Let c be n(-6). Calculate the greatest common factor of 3799 and c.
29
Suppose 48 = -132*c + 138*c. Let u be (3/(-6))/(1/(-58)). Let i = u + -17. What is the greatest common factor of i and c?
4
Suppose -22*r + 138907 = -251615. Calculate the greatest common factor of 366 and r.
183
Let j be (-86)/(-18) + 2/9. Suppose j*r = r + 156. Suppose -t = t + 2*n - 56, 5*n + 68 = 3*t. Calculate the highest common factor of t and r.
13
Let b = 56 - 84. Let q = b - -65. Suppose -t - 5 + q = 0. Calculate the highest common divisor of t and 80.
16
Let l(v) = 64 + 19 - 19 + 6*v + 25 + 68. Let d be l(-22). Calculate the greatest common divisor of d and 925.
25
Let g = 2509 + -2461. Calculate the highest common factor of g and 416.
16
Let g = -188 + 328. Let c be (-6)/4*(-50)/3. Suppose 55 = 4*y - c. What is the highest common factor of y and g?
20
Let j = 39 - 40. Let f be 3/(j/8*48/(-52)). Let t = -18 + f. What is the greatest common factor of t and 104?
8
Suppose -2*v - 325 = -401. Suppose 0 = 4*o - g - g - v, 0 = 4*o + 4*g - 8. Calculate the greatest common divisor of o and 224.
7
Let d = -60 - -86. Suppose -d*a + 942 = -774. Let p be 97 + (0/1 - -2). Calculate the highest common divisor of a and p.
33
Suppose 111436 = -10*u + 903846. Suppose -u + 22886 = -65*s. Calculate the highest common divisor of s and 51.
51
Let p be 8/(-1) + -8 + 856. Calculate the highest common divisor of 2040 and p.
120
Let k = -575 + 856. Let m = 10 + 484. Suppose 5*n - k = m. What is the highest common divisor of 62 and n?
31
Let u(b) = 19*b**2 - 2*b + 29. Suppose 0 = -17*a + 64 + 4. Let r be u(a). What is the highest common factor of r and 13?
13
Let i = 113 + -111. Let q be (i - 2*-231) + 4. What is the greatest common factor of q and 52?
52
Suppose 2*d + 47*t - 45*t = 90, -d - 5*t = -61. What is the highest common divisor of d and 1?
1
Suppose -51 = -0*m - m. Let l(j) = 459*j**2 - j + 1. Let o be l(1). What is the greatest common factor of o and m?
51
Suppose 0 = 7*v - 99 + 43. Suppose 0 = -v*m + 1143 + 153. Suppose -2*u + 5*i = 8*i - 108, i = 3*u - m. What is the highest common divisor of 216 and u?
54
Let p be 20418/(-492)*(-3 + 1). Calculate the greatest common divisor of 6557 and p.
83
Let g(k) = -8 + 2*k**3 - 3*k**2 - 40*k - 42*k + 76*k. Let n be g(4). Let z = 22 - -10. What is the greatest common divisor of z and n?
16
Suppose 0*y + 7095 = 5*y. Let u = 421384 + -421351. Calculate the greatest common divisor of u and y.
33
Let r = 12917 + -9031. What is the greatest common factor of r and 402?
134
Suppose 2778 = 12*a - 8*a - 5*o, -4*o + 2068 = 3*a. Let l = a - 454. What is the greatest common factor of 34 and l?
34
Suppose -17 = 5*m + g, -6*m + 5 = -9*m + 2*g. Let t be -2 - -5 - (7 + m)/(-4). Let h = -2 + 6. What is the highest common factor of t and h?
4
Let v(p) = 41*p - 118. Let j be v(9). Let o = j - 237. What is the highest common factor of o and 1624?
14
Let v = 2052 + -2016. What is the greatest common factor of v and 1467?
9
Let w = -2066 - -2097. Calculate the greatest common factor of w and 155.
31
Suppose -28*j + 27 = -25*j. Suppose -7*v + j = 9. Suppose -4*u = -5*t -